- -4 - (-87 - -87)).
-5
(-12 - -6) + (-14 - -30)
10
Evaluate 7 - ((-6 - 2) + (-66 - -61) + 6).
14
What is the value of -9 + -13 + 5 + 13?
-4
What is the value of -2 + -3 + 1 + (1 - -16)?
13
What is (4 - 4 - 10) + (7 - 3)?
-6
Calculate 4 + (4 - 19) + (-75 - -109).
23
-9 + 2 + 16 + (10 - 14) + -14
-9
Calculate (-14 - -4) + -14 + 15 + -13 + 13.
-9
Evaluate -13 + (-2 - -1) + -3 + 3 + 0.
-14
Calculate -2 + 7 - (13 - 9 - -6) - -6.
1
Calculate 0 + 2 - (43 - 31).
-10
What is 13 + (-44 - -12) + 7?
-12
What is the value of 33 - (-28 - (28 - 65))?
24
What is (-3 - (3 + 2)) + -14 + -9 + 17?
-14
Evaluate 1 + (1 - 0) + 3 + -7 - -1.
-1
What is (4 - 7) + 0 - (13 + -5 - 3)?
-8
Calculate 5 - (15 - (-3 + 13)).
0
Evaluate (-5 - (-2 - -9)) + 19.
7
What is the value of 0 + 2 - (-563 + 568)?
-3
What is (-5 - 3) + -13 + 17 + 5?
1
Calculate -11 - (-21 - 9 - -19).
0
What is (6 - 5) + 1 + 2 + -3 + -11?
-10
Calculate (-8 - 4) + -44 + 57.
1
What is 6 + (-9 - 3) + 4 + -2 + -4?
-8
Calculate -11 - (-23 + 4) - 16 - 13.
-21
7 - 44 - (-299 + 252)
10
What is (-24 - (-8 + 5)) + -4 + (4 - 10)?
-31
What is the value of -1 + 9 + 30 + -22?
16
1 + 3 + (11 - (-4 - -15))
4
95 + -95 + (-3 - 3)
-6
Evaluate (16 - 7) + -24 - -34.
19
11 - (199 + -210 + (-3 - (-11 + 2)))
16
What is -31 + 22 + (-7 - -7) + 18?
9
Calculate 3 - (-6 + 1 + -8 + 6 + 6).
4
Evaluate 64 + -38 + -29 + -13 + (1 - 0).
-15
Calculate -11 - ((9 + -13 - 12) + 1 + 7).
-3
What is the value of 8 - (2 + 9) - (3 + -25)?
19
Calculate -14 + 1 + -2 - -12.
-3
Calculate 16 - (8 + 25 + -16).
-1
What is the value of -9 + -8 + -8 + 12 + -2?
-15
4 - 0 - ((-2 - -1 - -5) + -4)
4
-52 - -29 - (-6 + -11)
-6
What is ((12 - 37) + 14 - 7) + 0?
-18
Evaluate -35 + 5 - -50 - 14.
6
Evaluate 15 - -3 - (-73 + 79).
12
What is the value of -27 + 23 - (11 - (2 - (-1 + 0)))?
-12
(13 + (-2 - 4) - 13) + 22
16
What is (-54 - 2) + 2 + 2 + 11?
-41
(-2 + 0 - (-3 - 0)) + -64 + 60
-3
1 + (0 - ((35 - 24) + (-11 - -2)))
-1
Calculate 5 - (-4 + 0 - (-148 - -152)).
13
Evaluate (39 + -13 - 22) + (-6 - -3).
1
Calculate 0 + 4 + -9 + 6 + -2 + 7.
6
What is the value of (-20 - -29 - -15) + -50?
-26
Evaluate 0 + (3 - (2 - -6 - 13)).
8
Evaluate -69 + 69 + -5 + 5 + -5 + 3.
-2
12 - ((44 - -2) + -16)
-18
Calculate 33 + (6 + -14 - 14).
11
What is 10 - (11 + -41 + (3 - 1))?
38
Calculate -17 - -26 - (30 - 14 - -19).
-26
Calculate -4 + -17 + 15 + -8 + 0.
-14
Evaluate 4 - ((-11 + 15 - 12) + 19).
-7
What is the value of (2 - 16) + -173 + 197?
10
Calculate -3 + (0 - -3) + (-7 - -5).
-2
What is the value of 14 - (15 + (-34 - -17))?
16
What is the value of 9 + 5 - (13 - -11)?
-10
9 + (-14 + 27 - 24)
-2
What is -1 - -65 - (1244 - 1195)?
15
What is -9 - (0 + -28 + (-5 - -5 - -2))?
17
-6 - (0 + (-1 - (-5 + -1)))
-11
Evaluate 9 + 0 + (3 - (-6 - 0 - -3)).
15
What is -3 + -15 + (12 - (8 + 6))?
-20
What is 6 + (3 - -14) + -15?
8
-3 + -13 + 11 - -14
9
Evaluate (2 - 3) + 0 + -9 - (-15 + 10).
-5
Calculate (15 - 10) + (0 - (-5 + 1) - -1).
10
What is the value of -10 + 15 - (-7 - -21)?
-9
Evaluate (5 - (-1 - -8)) + -12 + 3.
-11
What is the value of -1 + -2 + 5 - -8 - (11 - 15)?
14
Calculate -9 - 3 - (1 - (4 + -3) - 2).
-10
-37 + 38 + (4 - -2)
7
Evaluate (-4 - -4 - -5) + (16 + 18 - 23).
16
What is (22 - -1) + 611 + -620?
14
What is the value of (1 - -3) + -27 + -18 + 19 + 6?
-16
What is 20 + (-2 - 9) - 9 - (12 - 0)?
-12
Calculate (40 - 4) + 562 + -596.
2
What is the value of (11 + -2 - 4 - (30 + -18)) + 11?
4
Evaluate -32 - (-9 - (6 - 0)).
-17
Evaluate 11 + (-4 - -6 - (11 - 10)).
12
1 + 3 - 3 - -6 - (18 + -18)
7
What is the value of 15 + (-2 - -4 - (8 - -16 - 25))?
18
Evaluate (39 - 33) + 1 + (-17 - 3).
-13
What is (5 - 1) + (-2 + 2 - (-58 - -62))?
0
Evaluate (45 - 58) + -4 + 1.
-16
What is (-39 - -7) + -2 + 16?
-18
(-2 - -8) + (-7 + 5 - -3)
7
What is the value of -8 - (-1 - -8 - (27 + -22))?
-10
Calculate -6 - (-51 + (-17 - -40)).
22
What is (57 - (7 - (14 - 16))) + -18?
30
What is 3 - (-11 - 9) - 41?
-18
18 - (-5 - 0) - 13
10
17 + (15 - (-2 + 18))
16
What is the value of -33 + 2 + 14 - -13 - 13?
-17
Evaluate -1 + (-9 + (11 - -6) - 9).
-2
Calculate -3 - 7 - ((-29 - -18) + 18).
-17
Evaluate (-11 - (27 - 27)) + 6.
-5
Evaluate -15 - (-1 - (21 - (5 + 6) - 8)).
-12
What is -2 - (8 - (10 - -3)) - -2?
5
Evaluate 36 - 58 - (-1 + -21).
0
What is the value of -13 + 0 + 44 + -35?
-4
What is the value of (-1 - (-4 - -7)) + 0 - (5 - 2)?
-7
What is 9 - (-1 - (5 - -2) - -5)?
12
215 + -220 - (-1 - -4)
-8
What is the value of (7 - 11) + (-9 - 3 - 3)?
-19
Calculate 69 + -32 + -50 + -21.
-34
What is 3 - -1 - (6 + 17 + -16)?
-3
What is the value of 5 + 1 + -6 + -6?
-6
Evaluate -24 + 17 - (1 + -15).
7
Evaluate (5 - (1 + -6)) + -16 + (12 - 1).
5
Evaluate 31 + (1 - 7) + -2.
23
-17 - (12 + -8 - 9)
-12
-14 - (6 + -29) - 12
-3
Evaluate -5 + (-1 - -9) - 2 - (-5 - 7).
13
7 + 0 - (864 + -858)
1
5 + (-1 - 0) + (2 - (-12 - -7))
11
What is (-4 - -7 - 9 - (6 - 13)) + 2?
3
Evaluate -1 - (1 + (-18 - -11)).
5
What is the value of -10 + (-36 - -20 - -13)?
-13
Calculate 18 - (26 - 15 - 5).
12
Evaluate -1 + (-1 + 3 - -3) - -1 - -2.
7
What is -13 + 53 + -15 - 22?
3
What is -5228 + 5242 - ((-1 - -1) + -16)?
30
37 + (-15 - (15 + (-27 - -10)))
24
Calculate -298 - -318 - (-2 + 35).
-13
-5 + (2 - (-6 + 14))
-11
33 + -22 + (-25 - -1)
-13
What is (0 - (-6 + 0 + -1)) + -181 + 171?
-3
Calculate -9 + (-3 + (5 - 3) + 32 - 8).
14
Calculate (1 - (5 - (3 - 3 - -8))) + -11.
-7
What is -9 - ((19 - 28) + 15)?
-15
Evaluate -1 - -1 - 38 - (0 - (-12 - -23)).
-27
What is 22 + (1 - (7 + (8 - 11) + 2))?
17
Evaluate 9 + -8 + 3 + -7 + 6 + -3.
0
5 + (-1 + -6 - (-3 + 3)) - 2
-4
Calculate 2 + -7 + 6 + -11.
-10
Evaluate 6 - (11 - (1 + 2 - 8)).
-10
Evaluate (12 - (6 - 7)) + -55 + 8.
-34
What is 30 - (28 + -47 + 27)?
22
Evaluate (-21 - (-10 - -7)) + (-6 - (-3 - 9)).
-12
What is 1 - -4 - 19 - 1?
-15
Evaluate 12 - (-21 + 9 + 31).
-7
Calculate 11 + (3 - (0 + (3 - (-8 - -3)))).
6
Evaluate (7 + 4 - 15) + 11.
7
-3 + -6 + 1 - (22 - 21)
-9
Calculate 9 + (-3 - (3 - 6)).
9
Calculate -35 + 38 + (-11 - (-2 + -2)).
-4
Evaluate (-1 - -5) + (19 - 0 - 17) - 5.
1
What is the value of 1 + (0 - (-6 - -5)) - -5?
7
6 + -3 - (29 - (4 - 14 - -15))
-21
Calculate -35 - -22 - (28 + -19).
-22
Calculate 24 + -16 + 4 + -11.
1
What is the value of (7 - (-3 + -2 + 12)) + 4 + 3?
7
Calculate -19 - (-13 - -5) - (-3 - -1).
-9
Calculate 6 - ((-8 - -6) + 5) - (-128 + 138).
-7
Calculate (8 - (4 - (3 + -9))) + -8.
-10
What is the value of 19 - (((1 - -6) + -7 - 0) + 5)?
14
Calculate 33 + (12 - 18) + -5.
22
What is the value of (12 - 1) + (1204 - 1193)?
22
What is the value of -10 - (-1 - -4) - (1 + (0 - 3))?
-11
-23 + 4 - -24 - -13
18
(-6 - -1 - -15) + -4 - -1
7
Calculate (-12 - -29) + (4 + -3 - 6).
12
What is the value of (-12 - -60 - 47) + -16 + 1?
-14
What is the value of (54 - (21 - -5)) + -35?
-7
What is the value of 9 + 9 + -9 + -4 + 5?
10
What is the value of 10 - (-4 + 5 + 11 + -5 + 0)?
3
4 - (15 - 0) - (1 - -4)
-16
What is (276 - 264) + (0 - -16 - -3)?
31
Calculate 1 + (-1 - 0) - (-648 + 657).
-9
Calculate -2 - (20 + 5 + -7).
-20
(3 - 1) + (-6 - (-2 + -8 + 1))
5
What is -1 + -23 - (-1 - 3)?
-20
What is (-3 + -11 - -13) + 5 + (-41 - -5)?
-32
2 + 17 + 59 + -59 - (-1 + 8)
12
Calculate (-11 - 1) + (0 - -17 - (44 - 28)).
-11
Calculate 4 + 1 + 65 + -62 - 9.
-1
What is the value of ((-6 - -7) + -3 - 3) + -4 - 14?
-23
What is (4 + -2 - 3) + -19 + 5 + 18?
3
Evaluate -26 + 21 + (6 + 0 + -11 - -23).
13
7 + (-4 + 1 - 8) - (4 + -18)
10
What is the value of -31 + (48 + -9 - -15)?
23
Calculate (-14 - -28) + (-21 - -22 - (1 + 8)).
6
What is the value of -5 + (4 - (0 + 10)) + 3 + 7?
-1
10 - -18 - (54 + -29)
3
Calculate (37 + -10 + 0 + 7 - -1) + -11.
24
What is the value of 28 + (15 + -3 + -20 - (2 - 2))?
20
Calculate -1 + 4 + (0 - -3) + -452 + 458.
12
Calculate 3 - ((24 - 9) + -10).
-2
Calculate -2 + 0 + 0 + 15.
13
Evaluate (3 - -1) + (-5 - (26 + 4 + -28)).
-3
What is the value of (4 - (8 - (4 + 1)) - -23) + -7?
17
Calculate -5 - -1 - (-1 - -12 - (-136 + 172)).
21
What is the value of 10 + (10 - -5) - 15?
10
78 + -82 + 12 + 2
10
Calculate (-6 - -8) + 6 + (10 - 0 - -1).
19
What is 3 + (-12 - -5) + (-5 - -16) + 1?
8
Evaluate (-1 + (-5 - -3) + -3 - 0) + 18.
12
What is the value of 2 - (7 - 5) - (-53 + 37)?
16
What 